 121?
-121200
In base 10, what is -7253 + 26?
-7227
In base 10, what is 5 - 496559?
-496554
In base 14, what is -11c90c - 8?
-11c916
In base 14, what is 84a + -d8?
752
In base 14, what is 2830a - -2?
2830c
In base 14, what is -1 - -7708?
7707
In base 6, what is -11010 - 45?
-11055
In base 2, what is -1101011 - 1001101110000?
-1001111011011
In base 5, what is -1012133 + 102?
-1012031
In base 13, what is -8c7 - -26?
-8a1
In base 11, what is 164 - -10a0?
1254
In base 12, what is -55 + 618?
583
In base 16, what is -e + -5ffa2?
-5ffb0
In base 6, what is 2244 - -204?
2452
In base 15, what is 5 + -aa56?
-aa51
In base 2, what is 1000001 - -100001100?
101001101
In base 4, what is -220331022 - 3?
-220331031
In base 9, what is -8725 + -33?
-8758
In base 11, what is -8 - -747a6?
74799
In base 14, what is 2d + 670?
69d
In base 6, what is -4431423 + -4?
-4431431
In base 15, what is 4 - -28bb?
28c0
In base 5, what is 10 + 302302?
302312
In base 12, what is -71 + -2a44?
-2ab5
In base 14, what is c + -4948?
-493a
In base 3, what is 21 - -11010001002?
11010001100
In base 11, what is 2486 + 248?
2723
In base 15, what is -10455 + 1?
-10454
In base 6, what is 121 + 13212?
13333
In base 13, what is a2 + -aa?
-8
In base 6, what is -55224 + -123?
-55351
In base 12, what is -576 + 32?
-544
In base 6, what is -10314 - 115?
-10433
In base 3, what is 112210 - 11102?
101101
In base 11, what is -1 - -674374?
674373
In base 4, what is -10331 + -2211332?
-2222323
In base 12, what is -3365 - 9?
-3372
In base 7, what is 5 + -16615034?
-16615026
In base 3, what is -12220 + 21220210?
21200220
In base 10, what is 30 + 2063?
2093
In base 16, what is 10 + 46d?
47d
In base 3, what is 121210110 - -11?
121210121
In base 14, what is 21 + -96a?
-949
In base 3, what is -211102101201 + -11?
-211102101212
In base 8, what is 265415 - 3?
265412
In base 12, what is -150a2 - -6?
-15098
In base 2, what is 10111111011101 - -1?
10111111011110
In base 3, what is 0 - -1000212?
1000212
In base 2, what is 1000010101010 - -110101?
1000011011111
In base 10, what is -1735999 - 1?
-1736000
In base 5, what is 3344 - -1402?
10301
In base 13, what is -7 - 10ba78?
-10ba82
In base 6, what is -50140140 - 5?
-50140145
In base 13, what is -15998 - b?
-159a6
In base 2, what is -10100111100011110 - -10010?
-10100111100001100
In base 13, what is c + -40?
-31
In base 9, what is 2 - 3432748?
-3432746
In base 7, what is -16421436 - 1?
-16421440
In base 15, what is 1 - 120521?
-120520
In base 12, what is 508b - 6?
5085
In base 5, what is -40340 + -241?
-41131
In base 4, what is -120310 + 0?
-120310
In base 7, what is 25314 + -165?
25116
In base 15, what is -2 + -3c85e?
-3c861
In base 7, what is -1352 + 4?
-1345
In base 14, what is 3b + -2308?
-22ab
In base 11, what is 3 - 36738?
-36735
In base 5, what is 0 + 110340414?
110340414
In base 14, what is 4235c6 - 1?
4235c5
In base 11, what is 2420 - -40?
2460
In base 16, what is 5 - 5c7b?
-5c76
In base 6, what is 5335112 + 3?
5335115
In base 5, what is -120240 - 2?
-120242
In base 4, what is -11001033 - 3?
-11001102
In base 2, what is -10101101100000 - -101001?
-10101100110111
In base 10, what is -2252 + -134?
-2386
In base 12, what is 36124 + -4?
36120
In base 12, what is -4 - 29b599?
-29b5a1
In base 11, what is -468 - 1a6?
-663
In base 5, what is 1130222 - 0?
1130222
In base 14, what is -2 - -5ad26?
5ad24
In base 14, what is -2bc680 - -2?
-2bc67c
In base 11, what is -2 - -23559?
23557
In base 16, what is c386f + -5?
c386a
In base 2, what is 10101101010000110 - -11?
10101101010001001
In base 13, what is -102 - 285?
-387
In base 10, what is 1 + 118502?
118503
In base 8, what is -5 - -113345?
113340
In base 15, what is -3a - 61b?
-656
In base 4, what is -2031 - -122?
-1303
In base 13, what is -293c0 + -47?
-29437
In base 12, what is -11aa986 + 5?
-11aa981
In base 10, what is -27282 + -10?
-27292
In base 14, what is -4 - 2cdc8?
-2cdcc
In base 15, what is -3 + 846?
843
In base 6, what is 143 - 2153?
-2010
In base 5, what is -24430402 - 4?
-24430411
In base 14, what is -a + -1207?
-1213
In base 14, what is -c - 1543b?
-15449
In base 16, what is -3558b - -2?
-35589
In base 11, what is -5 + -37a20?
-37a25
In base 8, what is 161416 - 34?
161362
In base 5, what is 222 - -2044103?
2044330
In base 8, what is 17 + -51?
-32
In base 3, what is -2 + -110012212?
-110012221
In base 15, what is -11d - 2209?
-2327
In base 2, what is -110001111011 + 10010?
-110001101001
In base 4, what is 3 + 100321300?
100321303
In base 16, what is 4 + 12bac?
12bb0
In base 13, what is -166b43 + 0?
-166b43
In base 5, what is 1131 + -1020042?
-1013411
In base 10, what is 0 + 204260?
204260
In base 11, what is 0 - -5019?
5019
In base 11, what is 92 + -62?
30
In base 12, what is a5 + -258?
-173
In base 5, what is 1123 + 2221?
3344
In base 13, what is -18b53 - 68?
-18bbb
In base 14, what is -3bd5 + -32?
-3c27
In base 2, what is -100 + -1110010010110?
-1110010011010
In base 14, what is -2042 - -200?
-1c42
In base 9, what is 5 + 608878?
608884
In base 2, what is -100 - -1100001111011011?
1100001111010111
In base 7, what is -2 + 30005?
30003
In base 10, what is -1702280 - 1?
-1702281
In base 12, what is 115 - 7603?
-74aa
In base 13, what is a - 3249?
-323c
In base 5, what is -3 + 310433?
310430
In base 12, what is -1 + -7758?
-7759
In base 2, what is 1001000000111110 - -111111?
1001000001111101
In base 12, what is 0 - 362b6?
-362b6
In base 12, what is -214bb + b?
-214b0
In base 16, what is -17 - 3075?
-308c
In base 9, what is 5622 + 3?
5625
In base 9, what is -1 - 74300?
-74301
In base 4, what is -3003232 + -3?
-3003301
In base 15, what is 1 + -17d4?
-17d3
In base 2, what is 100000100111 + -1011111?
11111001000
In base 12, what is -ba5 + -43?
-1028
In base 4, what is 21331230 - 3?
21331221
In base 3, what is -2121010 + 112?
-2120121
In base 12, what is -32b + 27?
-304
In base 16, what is 0 - -5178c?
5178c
In base 14, what is -21 - -219?
1d8
In base 12, what is -281b2 - 5?
-281b7
In base 11, what is -a - -93955?
93946
In base 16, what is -178 + 14d?
-2b
In base 8, what is -27611 - 2?
-27613
In base 10, what is 1365 + 102?
1467
In base 8, what is 2 - 630600?
-630576
In base 12, what is -225 + -145?
-36a
In base 3, what is -10110120 - 202?
-10111022
In base 11, what is -7939 - -46?
-78a3
In base 15, what is -25 - 827?
-84c
In base 6, what is 2224114 + 2?
2224120
In base 11, what is -1a - -15738?
15719
In base 13, what is 5b7 - aa6?
-4bc
In base 7, what is 324 + -2132?
-1505
In base 9, what is -103 - -6427?
6324
In base 7, what is -1310 - 504?
-2114
In base 2, what is -1010 + 110000100111000001?
110000100110110111
In base 10, what is 901 - -46?
947
In base 11, what is 623 - 4?
61a
In base 9, what is 38 + 1863?
2012
In base 6, what is 13554521 + 4?
13554525
In base 16, what is -1 - 9fbb5?
-9fbb6
In base 5, what is -31343242 + -4?
-31343301
In base 16, what is -12bc0 + 5?
-12bbb
In base 6, what is -1534035 + -31?
-1534110
In base 15, what is -c666 - 4a?
-c6b1
In base 15, what is 2cb3 + 31?
2ce4
In base 15, what is -1 - 45340?
-45341
In base 10, what is 7227 - 2?
7225
In base 3, what is 210100 + -10112220?
-2202120
In base 14, what is -7 + -13?
-1a
In base 16, what is 58 + aa?
102
In base 12, what is -1 - 97440?
-97441
In base 12, what is -8 + -19142?
-1914a
In base 13, what is -672 - -14a?
-525
In base 13, what is 5121 + -40?
50b1
In base 10, what is 70971 - -42?
71013
In base 6, what is 5550245 - -5?
5550254
In base 11, what is 23 + 7980a?
79832
In base 12, what is 1a6 + 276?
460
In base 14, what is -a2c7 - 21?
-a308
In base 4, what is -2 + 120122011?
120122003
In base 5, what is 3104 - 1103?
2001
In base 2, what is -100100011100001 - 11101?
-100100011111110
In base 8, what is 2565543 - -5?
2565550
In base 8, what is 1656 - 15?
1641
In base 5, what is 440440 - -2?
440442
In base 7, what is -3 - -4641124?
4641121
In base 8, what is -1213 - 76?
-1311
In base 3, what is 0 + -221010022?
-221010022
In base 2, what is -10001110111 - 111?
-10001111110
In base 14, what is -8612 - -4?
-860c
In base 12, what is 91 + -22b6?
-2225
In base 10, what is 285964 - -3?
285967
In base 9, what is 31 + -1838?
-1807
In base 8, what is -3 + -1060404?
-1060407
In base 8, what is 11553 - 23?
11530
In base 16, what is 6 + -186b?
-1865
In base